 s = 56 + -47. Suppose -o + 72 = -0*o. Calculate the highest common divisor of s and o.
9
Let t be 0*(-4)/(-4 + 0). Suppose 2*v - 1 - 29 = t. Let q be ((-24)/(-20))/(2/5). What is the highest common factor of v and q?
3
Suppose s + 4*s = 125. Let q = 665 + -390. Calculate the greatest common factor of q and s.
25
Let x be (-3)/5 - 5220/(-75). Let d(i) = -7*i + 14. Let p be d(-5). Let b = p - 3. What is the highest common divisor of b and x?
23
Let m(s) = -2*s. Let x be m(-5). Suppose -9*u + 38 + 142 = 0. Calculate the highest common factor of x and u.
10
Let t = -43 - -85. Let y = t + -30. Suppose k - y = -k. Calculate the highest common divisor of 24 and k.
6
Let i be (-110)/(-4) + 14/28. Let l = 5 + -1. What is the highest common factor of l and i?
4
Let p(d) = 9*d - 2. Let r be p(2). Let l = -8 + 8. Suppose -41 = -2*j - 4*k + 15, -5*j + k + 162 = l. Calculate the greatest common divisor of r and j.
16
Suppose 0 = 10*b - 35*b + 200. What is the highest common factor of 328 and b?
8
Let f(j) = -9*j**3 - 3*j**2 - 9*j - 7. Let w be f(-1). Calculate the greatest common factor of 128 and w.
8
Let l = 60 + -43. Suppose 3*g = -l - 1. Let j = g - -10. What is the greatest common factor of 44 and j?
4
Let v(y) = 2*y + 1. Let s be v(5). Suppose -2*b - 3*b = 35. Let j = b + s. Calculate the greatest common divisor of j and 20.
4
Suppose 5*l + 15*p - 18*p = 2024, 4*p = -l + 391. What is the highest common divisor of l and 13?
13
Let h(s) be the first derivative of s**2/2 + 4*s - 16. Let k be h(0). Calculate the highest common factor of 8 and k.
4
Let u be (-6)/(-42) - (-6213)/21. Calculate the highest common factor of u and 222.
74
Suppose 2*m - m - 58 = -5*a, -2*m + 88 = 3*a. Let p(x) = 34*x - 185. Let w be p(6). What is the highest common divisor of m and w?
19
Let v(n) = -2*n**3 - 16*n**2 - 7*n - 23. Let d be v(-8). Calculate the highest common factor of 6 and d.
3
Let v(x) = -26*x + 8. Let r be v(-2). What is the greatest common divisor of r and 60?
60
Let d(h) = -h - 5 + 2 - 8. Let f be d(-7). Let c = 11 + f. Calculate the highest common divisor of 1 and c.
1
Suppose -112*s = -32*s - 1200. Let r = -3 + 46. Let p = r - 13. Calculate the greatest common divisor of p and s.
15
Let a(g) = -20*g**3 - g**2 - 7*g - 11. Let f be a(-2). What is the greatest common divisor of 106 and f?
53
Let z(l) = l**2 - 48*l + 208. Let q be z(44). What is the greatest common factor of 88 and q?
8
Let h(c) = -c**2 + 15*c + 4. Let w be h(12). Let l = 59 - w. What is the greatest common factor of l and 57?
19
Let c = 0 - -15. Let g = -40 - -60. Suppose 0 = -c*f + g*f - 80. Calculate the highest common factor of 4 and f.
4
Let r = -27 + 317. Calculate the greatest common divisor of 20 and r.
10
Let l be 1/(-1) - 12/(-4). Suppose l*v = -7 + 3. Let w be (-14)/4*(-2 + v). What is the greatest common divisor of w and 21?
7
Suppose 4*q - 1286 - 538 = 0. What is the highest common divisor of q and 8?
8
Suppose 6*o = o - 2*v + 385, 0 = 4*v + 20. Suppose 0 = -4*c + 65 + o. Let m be (26/13)/((-2)/(-4)). Calculate the greatest common divisor of c and m.
4
Let f(l) = -21*l - 112. Let w be f(-6). Suppose -u + 5*u - 92 = 0. Let b = u - w. What is the highest common factor of 9 and b?
9
Let a = 17 + 15. Let z(l) = l**2 - 9. Let s be 15/4*8/6. Let i be z(s). What is the greatest common factor of a and i?
16
Let i = 1547 + -624. Calculate the greatest common divisor of i and 13.
13
Let c = -49 - -60. Let l be -4 - (1 - 5 - 11). Calculate the greatest common factor of c and l.
11
Suppose 3*r + 0*i + i = 2, 0 = r - 3*i - 14. Suppose -2*v - 5 = z, 3 = -4*z + z - r*v. What is the greatest common factor of 2 and z?
1
Suppose -3*n + 124 = -4*p, -2*p + 4*p = -3*n + 154. Calculate the greatest common factor of n and 128.
16
Suppose q + 2*q - 12 = 0. Suppose -n + q*n - 6 = 0. Suppose 54 = n*k + 4*v, -v + 135 = 7*k - 2*k. What is the greatest common divisor of k and 9?
9
Let o be (34/(-6) - -5)*(-6)/4. Let i be 46/o + (3 - 3 - 1). What is the highest common divisor of 180 and i?
45
Let q(i) = -65*i - 11. Let w be q(-2). What is the greatest common divisor of 35 and w?
7
Suppose 12*u - 504 = -0*u. What is the greatest common divisor of 18 and u?
6
Let c = 35 + 19. Let h = 1446 + -1410. Calculate the greatest common factor of c and h.
18
Let h = 113 + -107. Let i be (1 - h)*84/(-15). What is the highest common divisor of 112 and i?
28
Let i(n) be the first derivative of n**4/4 - 5*n**3/3 - n**2 + 3*n - 2. Let g = 6 + 0. Let a be i(g). Calculate the highest common divisor of a and 18.
9
Suppose 0 = -4*j - 4*d + 188, -3*d = 16*j - 19*j + 159. Calculate the highest common divisor of 20 and j.
10
Suppose -2*i - 4 + 22 = 0. Let c(h) = 2*h**2 - 3*h - 4. Let s be c(3). Let v = 14 - s. Calculate the greatest common divisor of i and v.
9
Let i = -173 + 334. What is the highest common factor of i and 14?
7
Let b be 1/1 + -2 + 8. Let r be 5 + -5 + 1 + 9. Let u be ((-112)/(-10))/(2/r). Calculate the greatest common divisor of b and u.
7
Suppose u + 0 - 1 = 0. Let o be (-36)/(-8) - 8/(-48)*-3. What is the greatest common divisor of o and u?
1
Let x(v) be the second derivative of v**4/12 + 2*v. Let q be x(5). Let n = -81 + 86. What is the greatest common divisor of n and q?
5
Let k(u) = -2*u**3 + 17*u**2 + 12*u + 5. Let f be k(9). What is the highest common divisor of f and 128?
32
Suppose b = -5*a - 226, -a - 2*b - 31 = 16. Let i be 0 - ((-18)/63 + 258/21). Let h be (a/4)/(i/64). What is the greatest common factor of 12 and h?
12
Let w(y) = y**2 + 13*y - 93. Let h be w(6). What is the highest common divisor of h and 777?
21
Let n = 26 + -15. Let f = 52 + -78. Let g = 37 + f. What is the greatest common divisor of g and n?
11
Suppose -7*z + 9*z - 72 = 0. Suppose -z = -3*r + 15. Let q be 16/(-20)*(-510)/4. Calculate the highest common factor of r and q.
17
Suppose 15 = 4*o - o. Suppose -3*w - 144 = -o*w. What is the highest common factor of w and 8?
8
Let s be 0/((-4)/4*1). Suppose -4*x = -s*x - 144. Suppose -d - 2*d = -x. What is the greatest common divisor of d and 132?
12
Let s = -1256 + 1312. Calculate the highest common divisor of 238 and s.
14
Let m(i) = 27*i**2 - 2*i - 3. Let a be m(-1). Let u = a + 9. Calculate the highest common divisor of u and 5.
5
Suppose -2*m = 2*m. Let v(l) = -6*l**3 + 9 + 7*l**3 - 5 + 10 - l. Let f be v(m). What is the greatest common factor of 70 and f?
14
Let u(x) = -29*x**2 + 1 - 9*x + 9*x. Let s be u(-2). Let y = -27 - s. Calculate the greatest common factor of y and 8.
8
Suppose -c + 8 + 4 = 0. Let j(u) be the second derivative of u**3/6 + 17*u**2/2 + 18*u. Let i be j(-5). Calculate the greatest common divisor of c and i.
12
Let h = -386 + 455. Calculate the highest common factor of h and 6.
3
Let m be ((-54)/24)/((1/(-20))/(6/5)). Let l(c) = -16*c**3 + c**2 - 2*c - 1. Let x be l(-2). Calculate the highest common divisor of x and m.
27
Suppose 14 = 4*h + 2. Suppose -3*a + 5*a + 5*o - 22 = 0, 2*a - 26 = -h*o. Calculate the greatest common factor of a and 4.
4
Suppose -5*p + 9 + 16 = 0. Suppose 2 - 6 = -2*j. Suppose 360 = 2*b + 2*i, -340 = -j*b - 2*i + p*i. What is the greatest common divisor of 16 and b?
16
Let j(u) = -53*u + 295. Let v be j(2). What is the greatest common factor of 105 and v?
21
Suppose -3*n - 4*u = -20, 4*n + 9*u = 6*u + 36. Calculate the greatest common divisor of n and 48.
12
Let f = 84 + -60. Let y(a) be the first derivative of a**3/3 - 3*a**2 + 11*a + 37. Let w be y(5). What is the greatest common factor of w and f?
6
Suppose -1523 - 2173 = -24*b. What is the greatest common divisor of b and 66?
22
Suppose -3*n - 24 = 18. Let v(k) = k**2 + 12*k - 20. Let t be v(n). Calculate the highest common divisor of 40 and t.
8
Let n = 886 + -599. What is the greatest common factor of n and 205?
41
Let j be (50/(-10))/(2/26). Let c be (j/(-4))/(17/68). Let v = -48 - -74. What is the greatest common divisor of v and c?
13
Let l = -1901 + 1923. Suppose -w + o = -1, -w - 5*o + 13 = -0*w. Suppose -1 = p - w. What is the highest common factor of l and p?
2
Let c be 6 + (-220)/35 + (-2356)/(-14). Calculate the greatest common divisor of c and 3.
3
Let a be 6/21 + 1000/28. Let z = -21 + a. Calculate the greatest common divisor of 30 and z.
15
Suppose -5*a - 572 + 145 = -4*